Last updated on 2022-08-15 08:50:05 CEST.
Flavor | Version | Tinstall | Tcheck | Ttotal | Status | Flags |
---|---|---|---|---|---|---|
r-devel-linux-x86_64-debian-clang | 0.9.7 | 8.51 | 119.38 | 127.89 | OK | |
r-devel-linux-x86_64-debian-gcc | 0.9.7 | 7.70 | 89.86 | 97.56 | OK | |
r-devel-linux-x86_64-fedora-clang | 0.9.7 | 163.91 | NOTE | |||
r-devel-linux-x86_64-fedora-gcc | 0.9.7 | 158.31 | NOTE | |||
r-devel-windows-x86_64 | 0.9.7 | 29.00 | 151.00 | 180.00 | OK | |
r-patched-linux-x86_64 | 0.9.7 | 14.28 | 112.13 | 126.41 | OK | |
r-release-linux-x86_64 | 0.9.7 | 9.00 | 113.55 | 122.55 | OK | |
r-release-macos-arm64 | 0.9.7 | 45.00 | NOTE | |||
r-release-macos-x86_64 | 0.9.7 | 70.00 | NOTE | |||
r-release-windows-x86_64 | 0.9.7 | 37.00 | 159.00 | 196.00 | OK | |
r-oldrel-macos-arm64 | 0.9.7 | 61.00 | NOTE | |||
r-oldrel-macos-x86_64 | 0.9.7 | 104.00 | NOTE | |||
r-oldrel-windows-ix86+x86_64 | 0.9.7 | 20.00 | 142.00 | 162.00 | OK |
Version: 0.9.7
Check: data for non-ASCII characters
Result: NOTE
Note: found 76102 marked UTF-8 strings
Flavors: r-devel-linux-x86_64-fedora-clang, r-devel-linux-x86_64-fedora-gcc, r-release-macos-arm64, r-release-macos-x86_64, r-oldrel-macos-arm64, r-oldrel-macos-x86_64