Last updated on 2022-08-15 08:50:07 CEST.
Flavor | Version | Tinstall | Tcheck | Ttotal | Status | Flags |
---|---|---|---|---|---|---|
r-devel-linux-x86_64-debian-clang | 1.8.0 | 2.28 | 26.04 | 28.32 | NOTE | |
r-devel-linux-x86_64-debian-gcc | 1.8.0 | 1.88 | 20.57 | 22.45 | NOTE | |
r-devel-linux-x86_64-fedora-clang | 1.8.0 | 48.14 | NOTE | |||
r-devel-linux-x86_64-fedora-gcc | 1.8.0 | 45.45 | NOTE | |||
r-devel-windows-x86_64 | 1.8.0 | 9.00 | 56.00 | 65.00 | OK | |
r-patched-linux-x86_64 | 1.8.0 | 2.55 | 25.32 | 27.87 | NOTE | |
r-release-linux-x86_64 | 1.8.0 | 1.89 | 25.48 | 27.37 | NOTE | |
r-release-macos-arm64 | 1.8.0 | 15.00 | OK | |||
r-release-macos-x86_64 | 1.8.0 | 21.00 | OK | |||
r-release-windows-x86_64 | 1.8.0 | 6.00 | 51.00 | 57.00 | OK | |
r-oldrel-macos-arm64 | 1.8.0 | 31.00 | OK | |||
r-oldrel-macos-x86_64 | 1.8.0 | 29.00 | OK | |||
r-oldrel-windows-ix86+x86_64 | 1.8.0 | 5.00 | 44.00 | 49.00 | OK |
Version: 1.8.0
Check: for non-standard things in the check directory
Result: NOTE
Found the following files/directories:
'Tsttwalk.dat'
Flavors: r-devel-linux-x86_64-debian-clang, r-devel-linux-x86_64-debian-gcc, r-devel-linux-x86_64-fedora-clang, r-devel-linux-x86_64-fedora-gcc, r-patched-linux-x86_64, r-release-linux-x86_64