Last updated on 2022-08-15 08:50:04 CEST.
Flavor | Version | Tinstall | Tcheck | Ttotal | Status | Flags |
---|---|---|---|---|---|---|
r-devel-linux-x86_64-debian-clang | 1.0.1 | 111.34 | 34.69 | 146.03 | OK | |
r-devel-linux-x86_64-debian-gcc | 1.0.1 | 88.79 | 26.79 | 115.58 | OK | |
r-devel-linux-x86_64-fedora-clang | 1.0.1 | 227.24 | OK | |||
r-devel-linux-x86_64-fedora-gcc | 1.0.1 | 217.37 | OK | |||
r-devel-windows-x86_64 | 1.0.1 | 95.00 | 79.00 | 174.00 | OK | |
r-patched-linux-x86_64 | 1.0.1 | 96.98 | 34.43 | 131.41 | OK | |
r-release-linux-x86_64 | 1.0.1 | 102.68 | 34.73 | 137.41 | OK | |
r-release-macos-arm64 | 1.0.1 | 56.00 | NOTE | |||
r-release-macos-x86_64 | 1.0.1 | 71.00 | NOTE | |||
r-release-windows-x86_64 | 1.0.1 | 89.00 | 79.00 | 168.00 | OK | |
r-oldrel-macos-arm64 | 1.0.1 | 51.00 | NOTE | |||
r-oldrel-macos-x86_64 | 1.0.1 | 78.00 | NOTE | |||
r-oldrel-windows-ix86+x86_64 | 1.0.1 | 278.00 | 83.00 | 361.00 | OK |
Version: 1.0.1
Check: installed package size
Result: NOTE
installed size is 5.5Mb
sub-directories of 1Mb or more:
libs 5.4Mb
Flavors: r-release-macos-arm64, r-release-macos-x86_64, r-oldrel-macos-arm64, r-oldrel-macos-x86_64