Last updated on 2022-08-15 08:49:58 CEST.
Flavor | Version | Tinstall | Tcheck | Ttotal | Status | Flags |
---|---|---|---|---|---|---|
r-devel-linux-x86_64-debian-clang | 1.1 | 2.57 | 27.28 | 29.85 | NOTE | |
r-devel-linux-x86_64-debian-gcc | 1.1 | 1.84 | 21.89 | 23.73 | NOTE | |
r-devel-linux-x86_64-fedora-clang | 1.1 | 47.61 | NOTE | |||
r-devel-linux-x86_64-fedora-gcc | 1.1 | 45.91 | NOTE | |||
r-devel-windows-x86_64 | 1.1 | 7.00 | 52.00 | 59.00 | OK | |
r-patched-linux-x86_64 | 1.1 | 2.81 | 26.48 | 29.29 | NOTE | |
r-release-linux-x86_64 | 1.1 | 2.51 | 26.60 | 29.11 | NOTE | |
r-release-macos-arm64 | 1.1 | 18.00 | OK | |||
r-release-macos-x86_64 | 1.1 | 24.00 | OK | |||
r-release-windows-x86_64 | 1.1 | 5.00 | 50.00 | 55.00 | OK | |
r-oldrel-macos-arm64 | 1.1 | 18.00 | OK | |||
r-oldrel-macos-x86_64 | 1.1 | 37.00 | OK | |||
r-oldrel-windows-ix86+x86_64 | 1.1 | 6.00 | 42.00 | 48.00 | OK |
Version: 1.1
Check: for non-standard things in the check directory
Result: NOTE
Found the following files/directories:
'AIC.txt' 'AICc.txt' 'IAS.pdf' 'IAS2.pdf' 'IAS3.pdf'
'P.microlepis-AIC.txt' 'P.microlepis-AICc.txt' 'P.microlepis-IAS.pdf'
'P.microlepis-IAS2.pdf' 'P.microlepis-IAS3.pdf'
Flavors: r-devel-linux-x86_64-debian-clang, r-devel-linux-x86_64-debian-gcc, r-devel-linux-x86_64-fedora-clang, r-devel-linux-x86_64-fedora-gcc, r-patched-linux-x86_64, r-release-linux-x86_64